alculate (12 - (-13 + 23)) + (-5 + 3 - -2).
2
Calculate -2 + (8 - 1) + (6 - 19) + 13.
5
What is 2 + -6 + (-14 - -1 - -22) - 0?
5
4 + (20 - 0 - 13)
11
-3 - -5 - (29 + -26 - (2 - 1))
0
What is -516 - -531 - (22 + 1)?
-8
What is -5 + 4 + (18 + -22 - (-4 + -2))?
1
Evaluate (-10 - (12 - (41 + -10))) + -6.
3
What is the value of 1 - (-4 + (7 - -2) + (-6 - -3))?
-1
Evaluate -3 + -10 + 21 + -17.
-9
What is -9 - (16 + (1 - 26))?
0
Calculate -2 + -7 + (24 - 9) - -4.
10
Evaluate -11 + 7 - ((-10 - 8) + 5).
9
What is the value of -21 - (-18 - 1 - -31)?
-33
What is 0 - 6 - -4 - (18 - -3)?
-23
What is (4 - (-1 + -1)) + (24 - 25)?
5
Calculate -23 + 56 + -35 + 11.
9
8 + -10 + 3 + 2 + (-9 - -13)
7
(-7 - -13 - (0 - -9)) + 0 - -1
-2
What is the value of (-1 - -5) + (8 - -27) + -26?
13
Calculate -29 + 36 - (-7 + 3 + 2).
9
What is the value of 0 + 0 - (-36 + 30) - 5?
1
Calculate -2 - (4 - (-5 - -13) - -6).
-4
Calculate -20 + -4 + (-5 - 1) + (18 - 4).
-16
What is the value of (-1 + 3 - (34 + -33)) + (4 - -1)?
6
(-9 - -2) + -19 + 8 + 7 + -14
-25
What is the value of (-20 - -12 - (-9 - -1)) + -23 + 3?
-20
Calculate -9 + -4 + (-34 - -56).
9
What is -15 - (41 + -44) - (-31 + 2)?
17
What is -25 - (21 + 47 + -100)?
7
-1 + 3 + (0 - (-2 + 7)) + 8
5
What is the value of -11 - -7 - -6 - (19 - 0) - 0?
-17
-1 + (0 + 4 - (-10 - -17)) + -7
-11
What is -27 + (-19 + 6 - -31)?
-9
What is the value of -159 + 189 - (15 - -2)?
13
Calculate (18 - 6 - 4) + -4 + 7.
11
What is the value of (-2 - -7) + -124 + 103 + 41?
25
What is 0 - -8 - (-4 + 4 - (-14 - 0))?
-6
What is the value of (-11 - -22) + 1 + -12 + 6 + 6?
12
What is the value of (50 - 2) + -17 - (1 - -1)?
29
What is (-103 - -98) + (1 + 4 - -9)?
9
78 - 70 - (-25 - -5 - 4)
32
What is (2 - (-4 + -4 - 11)) + -1?
20
What is the value of (-12 - -5 - -2) + 26 - (13 + -17)?
25
What is (1 - 8) + -25 + 8 + 0 + 0?
-24
(20 - 12) + 29 - 32
5
Calculate -7 + 1 + (48 - 51).
-9
Calculate 6 + (-8 - (-3 - (7 - 1))).
7
7 - 3 - (-5 - -17)
-8
Calculate -13 - (-8 - (9 - 2)).
2
Calculate 7 - (-8 - -20) - 9.
-14
What is -13 + 9 + (2 - -2) + -18 + 5?
-13
-9 - ((4 - (-1 - 5)) + -8)
-11
What is the value of 10 + 0 - (16 - (32 - 20))?
6
Evaluate -3 + 5 - 1 - (12 - 19).
8
What is -29 - -37 - (4 - (2 + 4))?
10
What is the value of 2 + 0 + -1 + 11 + -16 + -1?
-5
What is the value of (1 + 0 - -6) + (-4361 - -4346)?
-8
Evaluate -35 + -24 + 60 + (-38 - 1).
-38
Evaluate (-35 - (-4 + -11)) + 25.
5
Calculate 521 - 504 - (-1 - 2).
20
Evaluate -7 + -12 + (1 - (-8 + 8 - 1)).
-17
What is 23 - 20 - (1 - (4 - 6))?
0
-10 + 27 + 10 - ((-4 - 4) + 10)
25
What is 20 - (11 - 0 - 2)?
11
(1 - (7 - 2)) + (-8 - (2 - 10))
-4
Evaluate 17 - -3 - (4 + (-7 - -4) + -3).
22
Calculate 19 + 3 + -1 - (-309 - -320).
10
Evaluate (-10 + -3 + 0 - -1) + 6 + 1.
-5
What is the value of 18 + 13 - (3 - -35)?
-7
Calculate 2 - (5 + (19 - 37)).
15
-1 + -20 + -3 - (47 + -9 + -41)
-21
Calculate 1 + -2 + -7 - (-1 + (-41 - -30)).
4
-31 - (3 - -3 - -3 - (136 + -132))
-36
What is -28 + -69 + 77 + (1 - -1) + -2?
-20
Evaluate 200 + -189 - (-1 + -1 + 3 + 2).
8
What is the value of 14 + -29 + 12 + (0 - 3)?
-6
What is (5 - 16) + (7 - -3) + 20?
19
What is the value of -4 + -6 + 5 + (16 - (-19 + 30))?
0
Evaluate (-5 - ((-3 - (-6 - -2)) + -3)) + 6.
3
What is the value of (7 - (29 + -7)) + 16?
1
1 + -22 + -2 + 2 + 63 + -60
-18
What is the value of -5 - (-22 + 5 + 8)?
4
What is the value of -12 + 12 + -2 + -22 - -1?
-23
Calculate 233 + -227 + -1 + -8.
-3
Calculate (-1 + -1 - (-1 + 3)) + 18.
14
Calculate -4 + (-8 + -10 - -11) - 4.
-15
Calculate (-11 - (2 + -8 + 7)) + (8 - 2).
-6
What is the value of -19 + (18 - 40) - -22?
-19
(10 - (8 - 6) - 10) + -6
-8
Evaluate 6 - (-7 + -5 + (15 - 7 - -4)).
6
What is 2 + -1 + (-13 - -10) - (5 - -1)?
-8
Evaluate 14 + (1 - (1 - -4)) + 1.
11
Calculate 5 + 9 - 13 - (1 - (0 + -3)).
-3
Calculate 466 + -463 + -5 + 2 + (0 - 1).
-1
Evaluate (2 - -29) + (-278 - -218).
-29
Calculate -17 + (1 + 4 - (25 - 24)).
-13
-6 + 6 + (11 - -1) + -11
1
Evaluate (-11 - -10 - -13) + -14 + 0 + -1.
-3
Calculate (21 - -5) + (14 - (4 + 13)).
23
Evaluate (1 - 6) + (8 - (-14 - -11)).
6
-13 - (-3 - -2) - 0
-12
Evaluate 10 - (16 - (-16 - -28)).
6
What is the value of 0 - (-14 + (5 - -7))?
2
-7 - (7 + -23 - -3)
6
(36 - (-59 + 33)) + -26
36
What is -14 + (12 - 6) - -14?
6
What is ((-10 - -2) + 32 - 14) + -23?
-13
-11 + (-3 - -1) + 4 - -2
-7
Evaluate (-5 - 0) + 50 + -15.
30
What is the value of (-4 - (4 - 9)) + 6 - (5 - 1)?
3
What is -1 + -2 + 13 - (35 + (-14 - 24))?
13
(15 - 1 - 18) + -15
-19
What is the value of 23 - (-40 + 52) - ((-9 - -1) + 1)?
18
What is (14 - 14 - -23) + 9?
32
Evaluate 15 + -22 + (-21 - -19 - (-5 - 1)).
-3
-85 + 77 - (0 - 0)
-8
What is the value of -22 + 9 + (147 - 174)?
-40
What is (0 + 17 - (8 + -41 + 36)) + 2?
16
Evaluate -11 - -5 - 7 - -24.
11
What is the value of 0 + 19 - (115 - 99)?
3
What is -4 - (4 - (-9 + -12)) - -7?
-22
Calculate -3 + 0 + (-492 - -514).
19
Evaluate 7 + (-15 + 39 - 23).
8
Evaluate (-3 - 2) + 13 + (-14 - -16).
10
What is the value of (-11 - (-5 + -5)) + (-4 - 3)?
-8
What is the value of -2962 + 2961 - (-1 - 38)?
38
Calculate -1 - 16 - (-42 - (-19 - 20)).
-14
Calculate (-8 - -9) + 11 + (-5 - 9).
-2
What is 7 + (-12 + -1 + -1 - (53 - 48))?
-12
What is (-46 - (17 - 28)) + (-5 + 1 - -14)?
-25
Calculate -11 + -4 + -2 + (-29 - -36).
-10
What is 1 + -8 + 3 - (4 - 3) - 2?
-7
What is 492 + -488 + (0 - (9 - -1))?
-6
Evaluate 282 + -292 - (0 + -38).
28
What is -12 + 11 + -2 + (63 - 49)?
11
Evaluate 1 + (-1 - -8 - (5 - (-5 - -4))).
2
(2 - -1 - (105 - 109)) + (-20 - 0)
-13
-1 + (2 - (9 + 2)) + 8 - 11
-13
Calculate 1 + -6 + 12 - (11 - -18).
-22
What is the value of (-139 - -162) + 0 + -11 - -6?
18
Calculate (0 - (0 - -4)) + (768 - 773).
-9
-114 - -91 - (-14 + 0)
-9
-1 + -11 - ((-56 - -35) + 17)
-8
14 + 3 + 4 + -12 + -7
2
1 + -8 + (-3 + -5 - -13) + 1
-1
Calculate -1 + -2 + (-2 - ((-2 - -13) + -1)).
-15
Evaluate -64 + 11 + 26 + 19.
-8
Evaluate -31 - (-30 - 32) - 35.
-4
Calculate 0 + (6 - (7 + (6 - (10 - 0)))).
3
What is -4 + (3 + -1 - (-9 + -8 + 26))?
-11
What is the value of -3 + -9 + -3 + 2 + (1 - 2)?
-14
-603 - -618 - (-1 + -1)
17
What is -8 + 3 - (15 + -12) - -3?
-5
What is the value of 0 + -4 - (11 + -9) - (-10 - -19)?
-15
Evaluate -4 - (24 + 2) - (111 - 124).
-17
-1 + -22 + 16 - -4
-3
What is 2 + 9 + 0 + 13 + -43?
-19
What is the value of -5 - (-6 - -6) - ((8 - 4) + -3)?
-6
What is -16 - -18 - (-8 + (-10 - -23))?
-3
Calculate (-6 + 20 - 7) + (-9 + 1 - -20).
19
Evaluate 1 + 30 + (-15 - (-17 + 31) - -27).
29
What is the value of (6 + 20 + 0 - 18) + -28?
-20
Calculate -8 + 30 + (-11 - 3).
8
What is the value of 6 - (-5 - (-1 + (-2 - 6 - -2)))?
4
What is the value of 4 - -1 - -10 - 16?
-1
What is -6 - (-2 - 0) - -4?
0
-11 + 0 - -14 - (0 - -1)
2
What is the value of -2 + (-28 - -29 - (0 + -1) - 20)?
-20
What is (9 - (31 + 7 + -10) - 1) + 9?
-11
23 - (45 + (-24 - -9))
-7
What is (0 - 17) + -2 + (-14 - (2 + -19))?
-16
Evaluate 1 - (11 - (-4 + 8 + 3)) - 6.
-9
Calculate 77 + -69 - (-3 - 1).
12
Calculate 24 - -3 - (6 + (-10 - -7) + 3).
21
(1 - (-1 - -5) - (4 - 2)) + -3
-8
Evaluate 5 + (13 - (-8 - -10)).
16
What is the value of 2 + 31 - (-96 + 104) - (0 - -5)?
20
What is the value of (1 - -7 - (-254 + 268)) + -3?
-9
What is the value of 17 + (-9 - 0) - 7?
1
What is 6 - (10 - -12 - 2)?
-14
Evaluate 3 + (-2 - -3) - (31 - 38).
11
What is the value of 27 + (-21 + (1 - -10) - -11)?
28
What is (12 - 3) + -1 + -9 + -3 - 7?
-11
(-34 - (-15 - (-20 - -9))) + 14
-16
What is the value of -5 + 0 - (-22 - -5)?
12
Evaluate -54 + 13 + 14 - -30.
3
12 - ((2 - 0 - 1) + (-2 - -4))
9
Evaluate (41 - 2) + -30 + -13.
-4
What is 12 - (-14 + 8) - 13?
5
-12 + (56 - 3 - (23 + 0 - 13))
31
Evaluate -6 + (5 - 2 - (4 + -6)).
-1
What is the value of -7 + 9 - ((0 - 9) + -16)?
27
What is 13 + 1 + -32 + 13?
-5
What is (13 - 24 - -12) + 0 + -15?
-14
What is the value of -4 + (0 - (21 + -24 + (-2 - 1)))?
2
Calculate -5 - (-23 + 46 - 50).
22
What is the value of (11 - (4 - 4)) + -14 + (-11 - 1)?
-15
Evaluate (-448 - -465) + 9 + 1.
27
19 + (-46 - -23) - (-2 + (-11 - -3))
6
Calculate 6 - (-6 + 3 + (6 - 0)).
3
16 + (-47 - -19) + 14
2
What is 38 + -17 - 24 - (1 - 4)?
0
-4 + 1 - (21 + -8 + -13)
-3
Calculate (-2 - (9 + 35)) + 33.
-13
Ca